{"id":8,"date":"2026-01-17T13:47:53","date_gmt":"2026-01-17T13:47:53","guid":{"rendered":"http:\/\/www.lesouffleduvivant-sanary.fr\/?page_id=8"},"modified":"2026-01-24T20:26:43","modified_gmt":"2026-01-24T19:26:43","slug":"quoi-faire-a-bandol","status":"publish","type":"page","link":"https:\/\/www.lesouffleduvivant-sanary.fr\/index.php\/quoi-faire-a-bandol\/","title":{"rendered":"Quoi faire \u00e0 Bandol ?"},"content":{"rendered":"\n<p><strong>Les incontournables \u00e0 voir<\/strong><\/p>\n\n\n\n<p><strong>1) Se balader sur le port et le front de mer<\/strong><\/p>\n\n\n\n<p>Commence par le <strong>port de Bandol<\/strong> : ambiance m\u00e9diterran\u00e9enne, bateaux, terrasses, et un super spot pour une balade au coucher du soleil. Bandol Tourisme classe le port parmi les grands \u201cincontournables\u201d. \u00a0<a href=\"http:\/\/bandoltourisme.fr\">http:\/\/bandoltourisme.fr<\/a><\/p>\n\n\n\n<p><strong>2) La plage de Ren\u00e9cros<\/strong><\/p>\n\n\n\n<p>C\u2019est l\u2019une des plages phares de la ville, id\u00e9ale si tu veux une baignade \u201cfacile\u201d sans partir loin. Elle fait partie des incontournables list\u00e9s par l\u2019office de tourisme. &nbsp;<\/p>\n\n\n\n<p><strong>3) Le sentier du littoral (la balade num\u00e9ro 1)<\/strong><\/p>\n\n\n\n<p>Si tu veux <strong>les plus beaux points de vue<\/strong>, fais le <strong>sentier du littoral<\/strong> : criques, rochers, pins, panoramas sur la c\u00f4te\u2026 C\u2019est la balade embl\u00e9matique de Bandol.<\/p>\n\n\n\n<p>\ud83d\udc49 Conseil pratique : chaussures confortables, eau, et \u00e9viter les heures les plus chaudes en \u00e9t\u00e9. \u00a0<\/p>\n\n\n\n<figure class=\"wp-block-gallery has-nested-images columns-default is-cropped wp-block-gallery-1 is-layout-flex wp-block-gallery-is-layout-flex\"><\/figure>\n\n\n\n<p><strong>&nbsp;faire absolument si tu aimes bien manger et fl\u00e2ner<\/strong><\/p>\n\n\n\n<p><strong>4) Les march\u00e9s de Bandol.<\/strong>     <\/p>\n\n\n\n<p><a href=\"http:\/\/bandol.fr\">http:\/\/bandol.fr<\/a><\/p>\n\n\n\n<p>\u2022 <strong>March\u00e9 proven\u00e7al hebdomadaire : mardi matin<\/strong> sur le quai du port <\/p>\n\n\n\n<p>\u2022 <strong>March\u00e9 traditionnel : tous les matins<\/strong> place de la Libert\u00e9. &nbsp;<\/p>\n\n\n\n<p>\u2022 <strong>March\u00e9 nocturne (\u00e9t\u00e9) :<\/strong> tous les soirs du <strong>1er juillet au 11 septembre<\/strong> sur le quai du port. &nbsp;<\/p>\n\n\n\n<p>\ud83d\udc49 \u00c0 tester : tapenade, fromages, fruits de Provence, huiles d\u2019olive\u2026 parfait pour un pique-nique.<\/p>\n\n\n\n<p><strong>Bandol c\u00f4t\u00e9 vins (AOC Bandol)<\/strong><\/p>\n\n\n\n<p><strong>5) D\u00e9couvrir la Maison des Vins \/ \u0152noth\u00e8que des Vins de Bandol<\/strong><\/p>\n\n\n\n<p><a href=\"http:\/\/maisondesvins-bandol.com\">http:\/\/maisondesvins-bandol.com<\/a><\/p>\n\n\n\n<p>Si tu veux une approche simple et vari\u00e9e, l\u2019<strong>\u0153noth\u00e8que \/ Maison des Vins du Bandol<\/strong> permet de d\u00e9couvrir la diversit\u00e9 des domaines de l\u2019appellation. &nbsp;<\/p>\n\n\n\n<p><strong>6) Visiter un domaine (d\u00e9gustation, visite, \u00e9v\u00e9nements)<\/strong><\/p>\n\n\n\n<p>De nombreux domaines AOC Bandol proposent <strong>visites et d\u00e9gustations<\/strong>, parfois avec des activit\u00e9s dans les vignes.&nbsp;<\/p>\n\n\n\n<figure class=\"wp-block-gallery has-nested-images columns-default is-cropped wp-block-gallery-2 is-layout-flex wp-block-gallery-is-layout-flex\"><\/figure>\n","protected":false},"excerpt":{"rendered":"<p>Les incontournables \u00e0 voir 1) Se balader sur le port et le front de mer Commence par le port de Bandol : ambiance m\u00e9diterran\u00e9enne, bateaux, terrasses, et un super spot pour une balade au coucher du soleil. Bandol Tourisme classe le port parmi les grands \u201cincontournables\u201d. \u00a0http:\/\/bandoltourisme.fr 2) La plage de Ren\u00e9cros C\u2019est l\u2019une des&#8230;<\/p>\n","protected":false},"author":1,"featured_media":0,"parent":0,"menu_order":0,"comment_status":"closed","ping_status":"closed","template":"","meta":{"footnotes":""},"class_list":["post-8","page","type-page","status-publish","hentry"],"_links":{"self":[{"href":"https:\/\/www.lesouffleduvivant-sanary.fr\/index.php\/wp-json\/wp\/v2\/pages\/8","targetHints":{"allow":["GET"]}}],"collection":[{"href":"https:\/\/www.lesouffleduvivant-sanary.fr\/index.php\/wp-json\/wp\/v2\/pages"}],"about":[{"href":"https:\/\/www.lesouffleduvivant-sanary.fr\/index.php\/wp-json\/wp\/v2\/types\/page"}],"author":[{"embeddable":true,"href":"https:\/\/www.lesouffleduvivant-sanary.fr\/index.php\/wp-json\/wp\/v2\/users\/1"}],"replies":[{"embeddable":true,"href":"https:\/\/www.lesouffleduvivant-sanary.fr\/index.php\/wp-json\/wp\/v2\/comments?post=8"}],"version-history":[{"count":3,"href":"https:\/\/www.lesouffleduvivant-sanary.fr\/index.php\/wp-json\/wp\/v2\/pages\/8\/revisions"}],"predecessor-version":[{"id":36,"href":"https:\/\/www.lesouffleduvivant-sanary.fr\/index.php\/wp-json\/wp\/v2\/pages\/8\/revisions\/36"}],"wp:attachment":[{"href":"https:\/\/www.lesouffleduvivant-sanary.fr\/index.php\/wp-json\/wp\/v2\/media?parent=8"}],"curies":[{"name":"wp","href":"https:\/\/api.w.org\/{rel}","templated":true}]}}